 w be 0*2/(6/(-3)). Let g be (w + 3/6)*0. Let d(c) be the first derivative of -c**4/4 + c**3/3 + c**2/2 + c + 2. Determine d(g).
1
Let o(k) = k**2 + k. Let w(a) = 2*a**2 - a - 3. Let r(h) = 3*o(h) - w(h). Let j(u) = -1. Let y(z) = 5*j(z) + r(z). Suppose -1 - 51 = 13*x. Give y(x).
-2
Let a(s) = s**3 + 2*s**2 + 2*s - 2. Suppose -5 = -7*h + 2*h, 0 = 5*b - 5*h + 95. Let l = -20 - b. Calculate a(l).
-6
Let m be 2/7*(-21 - -28). Let r(a) = a**2 - 3*a + 7. Calculate r(m).
5
Let z(k) = -7*k + 2. Let t(n) = -3*n. Let a(q) = 5*t(q) - 2*z(q). Determine a(-6).
2
Let u(a) = 56*a**2 + 2*a. Suppose 0 = 3*l - 8*l - 2*b + 15, -2*b = -l - 9. Let r be u(l). Let i(w) = 2 - r*w + 60*w - 3. Determine i(3).
5
Let a(m) = 2*m - 4. Let j(h) = 3*h - 5 - 5 + 4. Suppose 0 = 4*c - 4*l + 24, -5*l = 5*c - 0*c + 50. Let w(b) = c*a(b) + 5*j(b). Determine w(3).
-1
Let z be (-1 + 6)*(-36)/(-30) - -3. Let u(t) = -5*t**3 + 11*t**2 - 24*t + 25. Let w(o) = o**3 - 3*o**2 + 6*o - 6. Let s(f) = z*w(f) + 2*u(f). Give s(-6).
-4
Suppose 2*k + 0*k = 0. Suppose 9*z - 8*z = k. Suppose 11*c - 9*c - 14 = z. Let i(q) = -q**3 + 7*q**2 + q - 3. Calculate i(c).
4
Let v(j) = -2*j - 2. Suppose 5*s = m + 12, 3*m + 48 = 4*s - 21. Let t = m - -38. Let p = 8 - t. Determine v(p).
4
Let q(x) be the first derivative of 1/4*x**4 - 3 - 6*x - 2*x**3 + 2*x**2. What is q(5)?
-11
Let a = 124 - 117. Let u(l) = -l**2 + 10*l - 6. Let y be u(5). Suppose a - y = 3*i. Let q(n) = n**2 + 2*n - 5. Calculate q(i).
3
Let b(r) be the first derivative of 0*r + r**3 - 3 + 5*r**2 - 4*r**2 - 3*r - 4. Determine b(-3).
18
Let l(a) = a**2 - 8*a + 5. Suppose 3*z - 27 = 2*z - 5*q, 0 = -z + q - 3. Suppose 3*w - 40 = -5*h - 0*w, -z*h = w - 15. Determine l(h).
-10
Let s(v) = v**2 - 4. Let g be s(-3). Let w(l) = l**3 - 6*l**2 + 7*l - 4. Let b be w(g). Let z(t) = 6*t**2 - t**3 - 3*t - 3*t + 2 - 2*t + 6*t. Calculate z(b).
-10
Let p(r) = 4 - 67*r + 3*r**2 + 69*r + 0*r**2. Let v(g) be the first derivative of -16*g**3/3 - 9*g**2/2 - 20*g + 1. Let l(f) = 11*p(f) + 2*v(f). What is l(-3)?
1
Suppose 5*z - 30 = -0*z. Let y(x) = -5 + 7*x - x + 464*x**3 + 6*x**2 - 465*x**3 - x**2. Determine y(z).
-5
Let y = 22 - 10. Let f be ((-6)/(-5))/(y/40). Let n(u) = 4*u - 15. Let v(p) = 2*p - 7. Let w(k) = 4*n(k) - 9*v(k). Calculate w(f).
-5
Let w(t) = -t**3 + 2. Let c(k) = 4*k**3 + 2*k**2 + k - 6. Let x(s) = c(s) + 5*w(s). Give x(3).
-2
Let u(j) = 40*j**3 - 2*j**2 - j + 2. Let s(i) = -i**2 - 5*i + 7. Let x be s(-6). Calculate u(x).
39
Let c(u) = 2*u - 15. Let t(y) = -2*y + 19. Let w(r) = -4*c(r) - 3*t(r). What is w(3)?
-3
Let n(a) = -a**3 - 5*a**2 + 4*a - 11. Let q(p) = -2*p**3 - 20*p**2 + 4*p + 34. Let w be q(-10). Determine n(w).
1
Suppose 13*i - 10*i = 12. Suppose -i = -4*d - 4*f, -2*d + f = 4*f. Let h(x) = x**2 - 2*x. Determine h(d).
3
Suppose 155 = 12*d + 23. Let m(l) = l - 4. Determine m(d).
7
Let f(j) = j**2 + 11*j + 3. Let a be f(-13). Let m = a - 26. Suppose m*r + 7 = -v + 5*r, -3*r = 5*v - 30. Let z(b) = b**2 - 2*b - 1. Give z(v).
2
Let t(b) = -2*b**3 - 2*b**2 - 2*b - 2. Let c be 36/(1/(-16)*-6). Let w be 8/28 + c/(-42). Calculate t(w).
10
Suppose 52*o + 12 = 54*o. Let h(a) be the first derivative of o - 1/2*a**2 + 3*a. Determine h(0).
3
Let q(y) be the first derivative of -14*y**3/3 - 15*y**2/2 - 9*y + 4. Let b(n) = -5*n**2 - 5*n - 3. Let v(x) = 17*b(x) - 6*q(x). Determine v(4).
7
Let k(z) = 2*z - 13. Suppose -4*q + 0*q + 36 = 0. Determine k(q).
5
Let k(i) be the second derivative of -i**4/12 + 7*i**3/6 - 5*i**2/2 - i - 25. What is k(5)?
5
Let k(h) = -7*h**2 + 50*h**3 + 49*h**3 - 6*h - 100*h**3 + 8. Give k(-6).
8
Let p(c) = -11*c + 6. Suppose -y = 3*y + 24. Suppose -48*m + 35*m = 442. Let q(h) = 2*h - 1. Let r(o) = m*q(o) + y*p(o). Give r(5).
-12
Let q(b) = -12*b**2 - 3 + 17 + 771*b**3 - 9*b - 772*b**3. Suppose -2*n - 33 = n. Determine q(n).
-8
Let k(b) = 2*b + 24. Let z(t) = -t - 13. Let f(l) = 4*k(l) + 9*z(l). Determine f(-22).
1
Let l(p) be the third derivative of -p**8/6720 - p**7/2520 - p**6/720 - p**5/40 - 5*p**4/12 + 2*p**2. Let u(d) be the second derivative of l(d). Give u(-3).
18
Let o(f) = -f**2 - 3*f - 3. Let r be (-120)/(-54) + (-4)/18. Suppose 5*n = 6*n + r. What is o(n)?
-1
Let a(m) = 5*m - 8 - m + 7 + 1. Calculate a(-4).
-16
Suppose 44*j = 47*j - 12. Suppose -2*s + 5*o - o - j = 0, -3*s = -o + 6. Let v(k) = 3*k**3 + 4*k**2 + 2*k - 2. Calculate v(s).
-14
Let c(t) = t**3 + t**2 - 7*t - 12. Let w be 3657/(-1173) + (-4)/(-34). Determine c(w).
-9
Let v(t) = -2*t**2 - 4*t - 12. Let h(p) = -2*p**2 - 3*p - 10. Let x(b) = -5*h(b) + 4*v(b). What is x(2)?
8
Let o(b) = b**3 + 5*b**2 - 4*b + 4. Suppose -5*m = 4*z - 20, -3*m + z + 2*z = 15. Suppose 4*i + m = 8. Let r = -8 + i. Calculate o(r).
-8
Let i(h) be the second derivative of h**3/3 - 11*h**2/2 + 8*h. Let t be i(5). Let w(k) = 6*k - 1. Calculate w(t).
-7
Let n(u) = u - 2. Let v(a) = 4*a**2 + 15*a - 18 + 6*a**2 - 5*a**2. Let m(c) = -11*c**2 - 31*c + 37. Let w(s) = -6*m(s) - 13*v(s). Let i be w(8). Calculate n(i).
2
Let o(q) = -q + 0*q**3 + 7 + 5*q**3 + q**2 + 18 - 6*q**3. What is o(0)?
25
Let v = -2904 - -2910. Let b(y) = y**3 - 4*y**2 - 9*y + 9. Determine b(v).
27
Let i(a) be the second derivative of a**5/20 + 5*a**4/12 + 2*a**3/3 - a**2 + 730*a. What is i(-4)?
-2
Let p(t) be the first derivative of -t**4/4 - 5*t**3/3 - 5*t**2/2 + 2*t + 1. Suppose -24*k + 27*k = -48. Let d be (-120)/(-48)*k/10. Give p(d).
6
Suppose 3*s - 6 = 6. Let k(g) be the first derivative of g**4/4 - 4*g**3/3 + g**2/2 + 19. What is k(s)?
4
Let c(i) = 1 - 2*i**2 + 0*i**2 + i**2. Let b(y) = y**2 + 100*y + 565. Let a be b(-94). Calculate c(a).
0
Let b(z) = z**3 + 27*z**2 + 171*z + 12. Let f be b(-17). Let y(j) = -j**2 - 4*j + 12. Calculate y(f).
7
Let z(s) = -2*s + 4. Let n be (-4)/(48/(-141)) + 2/8. Suppose -n*t + 14*t - 22 = -5*q, 2*q = -t + 8. Give z(q).
-8
Let m(s) = 2*s**3 + 3*s**2 + 7*s - 6. Let i(c) = -c**3 - 2*c**2 - 5*c + 5. Let x(f) = 3*i(f) + 2*m(f). Calculate x(0).
3
Let j(u) be the second derivative of -u**5/20 - u**4/4 + u**3/3 + u**2/2 - 2*u - 169. Let r = -3 - 1. What is j(r)?
9
Let y = -13 - -16. Let o(g) = 4*g**2 + g + g**3 + g**y - g**3 + 0*g**3. Calculate o(-4).
-4
Let f = -179/3 + 61. Let a(n) be the third derivative of -11*n**2 - 1/60*n**5 + 0 - f*n**3 - 5/24*n**4 + 0*n. What is a(-6)?
-14
Let f(j) = j - 3. Let k be f(5). Suppose -2*l + 4*a + 12 + 4 = 0, -k*l = 5*a - 25. Let m(c) = 7*c - l*c + 4*c. What is m(0)?
0
Let q(w) = 3*w**2 - 21*w + 6. Let p(o) = 4*o**2 - 26*o + 8. Let n(h) = 4*p(h) - 5*q(h). Suppose -3*c = -2*c + 2. What is n(c)?
4
Let g(b) = -b**2 + 3*b**2 + 5 - b**2 + 4*b - 2*b**2. Let l be g(5). Suppose 0 = -l*h - h + 7. Let s(a) = -a + 6. What is s(h)?
-1
Let s = -669 - -662. Let w(h) be the first derivative of h**3/3 + 5*h**2/2 - 10*h - 1. What is w(s)?
4
Let w(r) = -r**2 - 4*r + 1. Let d be -2*(-39)/2 - 8/(-4). Let y = d - 46. Give w(y).
-4
Let t(q) = q**2 + q + 28. Let v(k) = -6*k**3 - 21*k**2 + 9*k - 12. Let a be v(-4). Calculate t(a).
28
Let h(p) = p**2 + 2*p - 6. Suppose 2*b - 20 = 2*u, -2*b + 33 = -5*u - 2. Suppose -y + b*y + 20 = 0. Determine h(y).
9
Let m(t) = 2*t - 1. Let c = -32 - -39. Let s(j) be the first derivative of j**4/4 - 7*j**3/3 + j**2/2 - 3*j - 1. Let b be s(c). Determine m(b).
7
Suppose 6*w - 43 = 95. Let h(k) = 0 - 17*k + w*k + 0. What is h(-1)?
-6
Let a(r) = -r. Let t(x) = 18*x - 129. Let c be t(7). What is a(c)?
3
Let a(f) be the third derivative of f**5/60 + 3*f**4/8 - 48*f**2. Give a(-4).
-20
Let j(g) be the second derivative of g**7/840 + g**6/72 - g**5/20 + g**4/4 + 11*g**3/3 + 18*g. Let p(x) be the second derivative of j(x). Calculate p(-6).
6
Let j(t) = 3*t + 18*t**2 + 0*t + 4 + 3*t - 19*t**2 - t. What is j(-3)?
-20
Let g(f) = -f + 2*f + 2*f**2 - 3*f + 1. Let v(s) = s**3 + 9*s**2 - s - 3. Let z be v(-9). Suppose k + z*k = 7. Determine g(k).
1
Let b(s) = s**2 - 2*s + 18. Let r(f) = -4*f**2 + 7*f - 55. Let v(k) = -7*b(k) - 2*r(k). Let p(w) = -18*w - 612. Let x be p(-34). Give v(x).
-16
Let m(h) = -h - 15. Let y be m(-11). Let q(v) = -7*v - 3. Let k be q(-1). Let d(r) = k*r + 2 + 11*r**2 - r**3 - 14*r**2 + 0*r + 0*r. Calculate d(y).
2
Let h(p) = p**2 - 2*p - 4. Let j = 32 - 29. Suppose -20 = -y - t, -j*t + t = -y + 32. Suppose y = 5*g - 1. Calculate h(g)